{"id":30,"date":"2025-05-05T09:15:43","date_gmt":"2025-05-05T07:15:43","guid":{"rendered":"https:\/\/www.prenajomjbl.sk\/?page_id=30"},"modified":"2025-05-06T06:54:11","modified_gmt":"2025-05-06T04:54:11","slug":"o-nas","status":"publish","type":"page","link":"https:\/\/www.prenajomjbl.sk\/index.php\/o-nas\/","title":{"rendered":"O N\u00c1S"},"content":{"rendered":"\n<div class=\"wp-block-cover alignfull\" style=\"min-height:661px;aspect-ratio:unset;\"><img loading=\"lazy\" decoding=\"async\" width=\"1400\" height=\"510\" class=\"wp-block-cover__image-background wp-image-54 size-full\" alt=\"\" src=\"https:\/\/www.prenajomjbl.sk\/wp-content\/uploads\/2025\/05\/image-crop-200000006-7-1.webp\" data-object-fit=\"cover\" srcset=\"https:\/\/www.prenajomjbl.sk\/wp-content\/uploads\/2025\/05\/image-crop-200000006-7-1.webp 1400w, https:\/\/www.prenajomjbl.sk\/wp-content\/uploads\/2025\/05\/image-crop-200000006-7-1-300x109.webp 300w, https:\/\/www.prenajomjbl.sk\/wp-content\/uploads\/2025\/05\/image-crop-200000006-7-1-1024x373.webp 1024w, https:\/\/www.prenajomjbl.sk\/wp-content\/uploads\/2025\/05\/image-crop-200000006-7-1-768x280.webp 768w\" sizes=\"auto, (max-width: 1400px) 100vw, 1400px\" \/><span aria-hidden=\"true\" class=\"wp-block-cover__background has-background-dim\"><\/span><div class=\"wp-block-cover__inner-container is-layout-flow wp-block-cover-is-layout-flow\">\n<p class=\"has-text-align-center\">Na\u0161a spolo\u010dnos\u0165 sa zaober\u00e1 pren\u00e1jmom u\u017e vy\u0161e troch rokov.\u00a0Na\u0161i klienti vyu\u017e\u00edvaj\u00fa na\u0161u po\u017ei\u010dov\u0148u ak idu na chatu, stanova\u010dky, rodinn\u00e9 oslavy, karaoke piatky a dokonca i na svadby. Na vypo\u017ei\u010danie s\u00fa reproduktory zna\u010dky JBL s bluetooth pripojen\u00edm, ale je mo\u017enos\u0165 zapo\u017ei\u010dania Mix pultu a r\u00f4znej audio kabel\u00e1\u017ee.<\/p>\n<\/div><\/div>\n","protected":false},"excerpt":{"rendered":"","protected":false},"author":1,"featured_media":0,"parent":0,"menu_order":0,"comment_status":"closed","ping_status":"closed","template":"","meta":{"footnotes":""},"class_list":["post-30","page","type-page","status-publish","hentry"],"_links":{"self":[{"href":"https:\/\/www.prenajomjbl.sk\/index.php\/wp-json\/wp\/v2\/pages\/30","targetHints":{"allow":["GET"]}}],"collection":[{"href":"https:\/\/www.prenajomjbl.sk\/index.php\/wp-json\/wp\/v2\/pages"}],"about":[{"href":"https:\/\/www.prenajomjbl.sk\/index.php\/wp-json\/wp\/v2\/types\/page"}],"author":[{"embeddable":true,"href":"https:\/\/www.prenajomjbl.sk\/index.php\/wp-json\/wp\/v2\/users\/1"}],"replies":[{"embeddable":true,"href":"https:\/\/www.prenajomjbl.sk\/index.php\/wp-json\/wp\/v2\/comments?post=30"}],"version-history":[{"count":7,"href":"https:\/\/www.prenajomjbl.sk\/index.php\/wp-json\/wp\/v2\/pages\/30\/revisions"}],"predecessor-version":[{"id":106,"href":"https:\/\/www.prenajomjbl.sk\/index.php\/wp-json\/wp\/v2\/pages\/30\/revisions\/106"}],"wp:attachment":[{"href":"https:\/\/www.prenajomjbl.sk\/index.php\/wp-json\/wp\/v2\/media?parent=30"}],"curies":[{"name":"wp","href":"https:\/\/api.w.org\/{rel}","templated":true}]}}